{"id":147,"date":"2018-08-22T14:04:28","date_gmt":"2018-08-22T14:04:28","guid":{"rendered":"http:\/\/vps199507.ovh.net\/?page_id=147"},"modified":"2025-07-17T10:49:46","modified_gmt":"2025-07-17T10:49:46","slug":"wladze","status":"publish","type":"page","link":"https:\/\/www.pi.org.pl\/index.php\/pl\/wladze\/","title":{"rendered":"W\u0142adze"},"content":{"rendered":"<p style=\"text-align: justify;\"><strong><img loading=\"lazy\" decoding=\"async\" class=\"wp-image-481 alignleft\" src=\"https:\/\/www.pi.org.pl\/wp-content\/uploads\/2025\/07\/IMG_0688-683x1024.jpg\" alt=\"\" width=\"170\" height=\"255\" srcset=\"https:\/\/www.pi.org.pl\/wp-content\/uploads\/2025\/07\/IMG_0688-683x1024.jpg 683w, https:\/\/www.pi.org.pl\/wp-content\/uploads\/2025\/07\/IMG_0688-200x300.jpg 200w, https:\/\/www.pi.org.pl\/wp-content\/uploads\/2025\/07\/IMG_0688-768x1152.jpg 768w, https:\/\/www.pi.org.pl\/wp-content\/uploads\/2025\/07\/IMG_0688.jpg 1000w\" sizes=\"auto, (max-width: 170px) 100vw, 170px\" \/>Aneta B\u0119dkowska \u2013 Prezes Zarz\u0105du Fundacji<\/strong><\/p>\n<p style=\"text-align: justify;\">Aneta jest mened\u017cerk\u0105 w sektorze EdTech, medi\u00f3w i technologii, z licznymi osi\u0105gni\u0119ciami zar\u00f3wno na rynku krajowym, jak i mi\u0119dzynarodowym, a tak\u017ce z ponad pi\u0119tnastoletnim do\u015bwiadczeniem w \u0142\u0105czeniu \u015bwiata publikacji cyfrowych, technologii edukacyjnych (EdTech) i ICT z globalnymi mediami i wydawcami edukacyjnymi.<\/p>\n<p>&nbsp;<\/p>\n<p>&nbsp;<\/p>\n<p>&nbsp;<\/p>\n<hr \/>\n<p><img loading=\"lazy\" decoding=\"async\" class=\"wp-image-162 alignright\" src=\"http:\/\/vps199507.ovh.net\/wp-content\/uploads\/2018\/08\/jan-2.jpg\" alt=\"\" width=\"187\" height=\"256\" srcset=\"https:\/\/www.pi.org.pl\/wp-content\/uploads\/2018\/08\/jan-2.jpg 302w, https:\/\/www.pi.org.pl\/wp-content\/uploads\/2018\/08\/jan-2-219x300.jpg 219w\" sizes=\"auto, (max-width: 187px) 100vw, 187px\" \/><\/p>\n<p style=\"text-align: justify;\"><strong>Jan Wittlin \u2013 fundator, przewodnicz\u0105cy Rady Fundacji<\/strong><\/p>\n<p style=\"text-align: justify;\">Absolwent Szko\u0142y G\u0142\u00f3wnej Handlowej \u2013 wydzia\u0142u Metod Ilo\u015bciowych i System\u00f3w Informatycznych, studi\u00f3w podyplomowych w zakresie zarz\u0105dzania w mediach oraz studi\u00f3w doktoranckich w\u00a0dyscyplinie prawo w Akademii im. Leona Ko\u017ami\u0144skiego.<\/p>\n<p style=\"text-align: justify;\">Ekspert w zakresie audytu wewn\u0119trznego, zgodno\u015bci, przeciwdzia\u0142ania nadu\u017cyciom oraz zarz\u0105dzania procesami i organizacjami z wieloletnim do\u015bwiadczeniem obejmuj\u0105cym zarz\u0105dzanie audytem w mi\u0119dzynarodowych organizacjach medialnych (Grupa ITI, TVN, Grupa Onet.pl, RingierAxelSpriner), doradztwo w wiod\u0105cych firmach konsultingowych (EY, Deloitte) oraz praktyczne zarz\u0105dzanie wdro\u017ceniami proces\u00f3w i system\u00f3w w wielu bran\u017cach.<\/p>\n<p style=\"text-align: justify;\">Dysponuje ponad 15-sto letnim do\u015bwiadczeniem w bran\u017cy on-line i medi\u00f3w internetowych w budowie innowacyjnych produkt\u00f3w i rozwi\u0105za\u0144. Pe\u0142ni funkcj\u0119 doradcy zarz\u0105d\u00f3w innowacyjnych przedsi\u0119biorstw fintech, m. in. platformy Neufund prowadz\u0105cej pierwsz\u0105 na \u015bwiecie ofert\u0119 Equity Token Offering.<\/p>\n<p style=\"text-align: justify;\">Posiada liczne mi\u0119dzynarodowe certyfikaty i kwalifikacje (m.ni. CFE, CIA, CISA, CISSP, PMP, ITIL oraz CIMA Certificate in Business Accounting) oraz bieg\u0142\u0105 znajomo\u015b\u0107 j\u0119zyka angielskiego, niemieckiego, niderlandzkiego oraz francuskiego.<\/p>\n<hr \/>\n<p><img loading=\"lazy\" decoding=\"async\" class=\"wp-image-165 alignright\" src=\"http:\/\/vps199507.ovh.net\/wp-content\/uploads\/2018\/08\/adam-pytlik-357x445.jpg\" alt=\"\" width=\"177\" height=\"221\" srcset=\"https:\/\/www.pi.org.pl\/wp-content\/uploads\/2018\/08\/adam-pytlik-357x445.jpg 357w, https:\/\/www.pi.org.pl\/wp-content\/uploads\/2018\/08\/adam-pytlik-357x445-241x300.jpg 241w\" sizes=\"auto, (max-width: 177px) 100vw, 177px\" \/><\/p>\n<p style=\"text-align: justify;\"><strong>Adam Pytlik \u2013 fundator, cz\u0142onek Rady Fundacji<\/strong><\/p>\n<p style=\"text-align: justify;\">Absolwent Szko\u0142y G\u0142\u00f3wnej Handlowej \u2013 wydzia\u0142u MBA, studi\u00f3w podyplomowych Politechniki Gda\u0144skiej na Wydziale Elektroniki i Telekomunikacji oraz studi\u00f3w doktoranckich Wy\u017cszej Szko\u0142y Przedsi\u0119biorczo\u015bci i Zarz\u0105dzania im. Leona Ko\u017ami\u0144skiego.<\/p>\n<p style=\"text-align: justify;\">Dysponuje 15-sto letnim do\u015bwiadczeniem w bran\u017cy telekomunikacyjnej przy wdra\u017caniu oraz prowadzeniu projekt\u00f3w kierunkowych. Pracowa\u0142 zar\u00f3wno w sektorze administracji publicznej na stanowiskach kierowniczych w Ministerstwach \u0141\u0105czno\u015bci, Gospodarki i Infrastruktury jak i w krajowych sp\u00f3\u0142kach telekomunikacyjnych takich jak TPSA, TelEnergo a p\u00f3\u017aniej Exatel S.A. \u2013 t\u0119 ostatni\u0105 reprezentuj\u0105c przez wiele lat na rynku mi\u0119dzynarodowym. Obecnie prowadzi jednoosobow\u0105 dzia\u0142alno\u015b\u0107 pod nazw\u0105 Carrier Business &amp; Enterprise Poland (CBEP) Adam Pytlik w zakresie szerokiego konsultingu przedsi\u0119wzi\u0119\u0107 IT\/Telco oraz wsparcia handlowego (operacyjnego) w\u015br\u00f3d firm i przedsi\u0119biorc\u00f3w zagranicznych.<\/p>\n","protected":false},"excerpt":{"rendered":"<p>Aneta B\u0119dkowska \u2013 Prezes Zarz\u0105du Fundacji Aneta jest mened\u017cerk\u0105 w sektorze EdTech, medi\u00f3w i technologii, z licznymi osi\u0105gni\u0119ciami zar\u00f3wno na<\/p>\n","protected":false},"author":1,"featured_media":0,"parent":0,"menu_order":0,"comment_status":"closed","ping_status":"closed","template":"","meta":{"footnotes":""},"class_list":["post-147","page","type-page","status-publish","hentry"],"_links":{"self":[{"href":"https:\/\/www.pi.org.pl\/index.php\/wp-json\/wp\/v2\/pages\/147","targetHints":{"allow":["GET"]}}],"collection":[{"href":"https:\/\/www.pi.org.pl\/index.php\/wp-json\/wp\/v2\/pages"}],"about":[{"href":"https:\/\/www.pi.org.pl\/index.php\/wp-json\/wp\/v2\/types\/page"}],"author":[{"embeddable":true,"href":"https:\/\/www.pi.org.pl\/index.php\/wp-json\/wp\/v2\/users\/1"}],"replies":[{"embeddable":true,"href":"https:\/\/www.pi.org.pl\/index.php\/wp-json\/wp\/v2\/comments?post=147"}],"version-history":[{"count":17,"href":"https:\/\/www.pi.org.pl\/index.php\/wp-json\/wp\/v2\/pages\/147\/revisions"}],"predecessor-version":[{"id":530,"href":"https:\/\/www.pi.org.pl\/index.php\/wp-json\/wp\/v2\/pages\/147\/revisions\/530"}],"wp:attachment":[{"href":"https:\/\/www.pi.org.pl\/index.php\/wp-json\/wp\/v2\/media?parent=147"}],"curies":[{"name":"wp","href":"https:\/\/api.w.org\/{rel}","templated":true}]}}