{"id":142,"date":"2018-08-22T14:03:07","date_gmt":"2018-08-22T14:03:07","guid":{"rendered":"http:\/\/vps199507.ovh.net\/?page_id=142"},"modified":"2018-08-27T09:05:56","modified_gmt":"2018-08-27T09:05:56","slug":"kodeks-etyki","status":"publish","type":"page","link":"https:\/\/www.pi.org.pl\/index.php\/pl\/kodeks-etyki\/","title":{"rendered":"Kodeks etyczny"},"content":{"rendered":"<p style=\"text-align: justify;\"><strong>Zapobieganie dyskryminacji i zapewnienie zgodno\u015bci z prawem<\/strong><\/p>\n<p style=\"text-align: justify;\">Fundacja Platforma Innowacji kieruje si\u0119 w swojej dzia\u0142alno\u015bci najwy\u017cszymi standardami w zakresie tolerancji i szacunku \u2013 w szczeg\u00f3lno\u015bci aktywnie przeciwstawia si\u0119 wszelkim formom dyskryminacji ze wzgl\u0119du na ras\u0119, narodowo\u015b\u0107 lub pochodzenie etniczne k\u0142ad\u0105c nacisk na wzajemne poszanowanie i zrozumienie narod\u00f3w i pa\u0144stw, z udzia\u0142em kt\u00f3rych prowadzi swoj\u0105 dzia\u0142alno\u015b\u0107.<br \/>\nFundacja Platforma Innowacji we wszelkich swoich dzia\u0142aniach przestrzega regulacji prawnych oraz dobrych obyczaj\u00f3w obowi\u0105zuj\u0105cych w pa\u0144stwach w kt\u00f3rych dzia\u0142a. Relacje pomi\u0119dzy organami, pracownikami Fundacji Platforma Innowacji, beneficjantami oraz wszelkimi partnerami zewn\u0119trznymi opieraj\u0105 si\u0119 na zasadzie wzajemnego szacunku, uczciwo\u015bci, poszanowania godno\u015bci osobistej ka\u017cdej osoby, zrozumienia i \u017cyczliwo\u015bci.<\/p>\n<p style=\"text-align: justify;\"><strong>Jawno\u015b\u0107<\/strong><\/p>\n<p style=\"text-align: justify;\">Fundacja Platforma Innowacji sporz\u0105dza corocznie sprawozdania finansowe i sk\u0142ada je w Krajowym Rejestrze S\u0105dowym oraz w Ministerstwie Gospodarki. Wszelkie zmiany dotycz\u0105ce dzia\u0142alno\u015bci wymagaj\u0105ce zmiany w Krajowym Rejestrze S\u0105dowym s\u0105 dokonywane niezw\u0142ocznie.<br \/>\nWszelkie funkcje, struktury organizacyjne, regulacje wewn\u0119trzne oraz kryteria wsp\u00f3\u0142pracy z beneficjentami s\u0105 udokumentowane i jawne. Fundacja regularnie prezentuje swoj\u0105 dzia\u0142alno\u015b\u0107 na stronie internetowej.<\/p>\n<p style=\"text-align: justify;\"><strong>Poufno\u015b\u0107<\/strong><\/p>\n<p style=\"text-align: justify;\">Fundacja Platforma Innowacji dok\u0142ada najwy\u017cszej staranno\u015bci w zakresie ochrony informacji poufnych oraz danych osobowych udost\u0119pnianych przez partner\u00f3w, beneficjent\u00f3w, wsp\u00f3\u0142pracownik\u00f3w i inne podmioty. W szczeg\u00f3lno\u015bci wspomniane informacje nie s\u0105 ujawniane osobom trzecim bez zgody w\u0142adz Fundacji Platformy Innowacji na podstawie porozumie\u0144 zawartych z dysponentami tych informacji.<\/p>\n<p style=\"text-align: justify;\"><strong>Transparentno\u015b\u0107 i zapobieganie konfliktom interes\u00f3w<\/strong><\/p>\n<p style=\"text-align: justify;\">Fundacja Platforma Innowacji informuje o prowadzonych przez siebie dzia\u0142aniach mo\u017cliwie jak najszerszy kr\u0105g zainteresowanych zapewniaj\u0105c wszystkim potencjalnym beneficjentom r\u00f3wny dost\u0119p do informacji.<br \/>\nFundacja Platforma Innowacji nie uczestniczy instytucjonalnie w dzia\u0142alno\u015bci partii politycznych; jednocze\u015bnie uczestniczy czynnie w debacie publicznej promuj\u0105c swoj\u0105 misj\u0119 i dzia\u0142alno\u015b\u0107 statutow\u0105. W\u0142adze Fundacji Platforma Innowacji zwracaj\u0105 szczeg\u00f3ln\u0105 uwag\u0119 na okoliczno\u015bci mog\u0105ce sprzyja\u0107 wyst\u0105pieniu konfliktu interes\u00f3w i zobowi\u0105zuj\u0105 si\u0119 stosowa\u0107 \u015brodki organizacyjne maj\u0105ce na celu minimalizacj\u0119 prawdopodobie\u0144stwa negatywnego wp\u0142ywu wspomnianych zjawisk.<\/p>\n","protected":false},"excerpt":{"rendered":"<p>Zapobieganie dyskryminacji i zapewnienie zgodno\u015bci z prawem Fundacja Platforma Innowacji kieruje si\u0119 w swojej dzia\u0142alno\u015bci najwy\u017cszymi standardami w zakresie tolerancji<\/p>\n","protected":false},"author":1,"featured_media":0,"parent":0,"menu_order":0,"comment_status":"closed","ping_status":"closed","template":"","meta":{"footnotes":""},"class_list":["post-142","page","type-page","status-publish","hentry"],"_links":{"self":[{"href":"https:\/\/www.pi.org.pl\/index.php\/wp-json\/wp\/v2\/pages\/142","targetHints":{"allow":["GET"]}}],"collection":[{"href":"https:\/\/www.pi.org.pl\/index.php\/wp-json\/wp\/v2\/pages"}],"about":[{"href":"https:\/\/www.pi.org.pl\/index.php\/wp-json\/wp\/v2\/types\/page"}],"author":[{"embeddable":true,"href":"https:\/\/www.pi.org.pl\/index.php\/wp-json\/wp\/v2\/users\/1"}],"replies":[{"embeddable":true,"href":"https:\/\/www.pi.org.pl\/index.php\/wp-json\/wp\/v2\/comments?post=142"}],"version-history":[{"count":4,"href":"https:\/\/www.pi.org.pl\/index.php\/wp-json\/wp\/v2\/pages\/142\/revisions"}],"predecessor-version":[{"id":366,"href":"https:\/\/www.pi.org.pl\/index.php\/wp-json\/wp\/v2\/pages\/142\/revisions\/366"}],"wp:attachment":[{"href":"https:\/\/www.pi.org.pl\/index.php\/wp-json\/wp\/v2\/media?parent=142"}],"curies":[{"name":"wp","href":"https:\/\/api.w.org\/{rel}","templated":true}]}}